{"id":19109,"date":"2021-12-20T15:17:45","date_gmt":"2021-12-20T14:17:45","guid":{"rendered":"https:\/\/mirnanamjestaj.ba\/?post_type=product&#038;p=19109"},"modified":"2023-07-25T13:00:12","modified_gmt":"2023-07-25T11:00:12","slug":"erato-madrac","status":"publish","type":"product","link":"https:\/\/mirnanamjestaj.ba\/en\/product\/erato-madrac\/","title":{"rendered":"Erato madrac"},"content":{"rendered":"<p style=\"font-weight: 400\">D\u017eepi\u010dasto jezgro za idealan polo\u017eaj<\/p>\n<p style=\"font-weight: 400\">Madrac Erato je osnova ponude madraca Moj San sa opru\u017enim d\u017eepi\u0107astim jezgrom. Radi se o kompaktnom madracu sa kvalitetnom antialergijskom i antibakterijskom navlakom zatvorenom sa svih strana. Jezgro madraca je oblo\u017eeno visokoelasti\u010dnom pjenom normalne tvrdo\u0107e, koja osigurava tijelu spava\u010da zadovoljavaju\u0107i nivo udobnosti i kvalitetniju potporu tijelu. Ukupne je visine 23 cm.<br \/>\nMadrac Erato je izuzetno prakti\u010dno rije\u0161enje za Va\u0161u spava\u0107u sobu, cjenovno je prilago\u0111en svakom kupcu i daje odli\u010dan omjer ulo\u017eeno dobiveno. Jedan je od dva najprodavanija modela u liniji madraca Moj San, dijelom zbog klasi\u010dne strukture koju \u010dini provjerena kombinacija opru\u017enog d\u017eepi\u0107astog jezgra i pjene normalne tvrdo\u0107e, a dijelom zbog stabilne potpore koju daje tijelu spava\u010da, obezbje\u0111uju\u0107i time idealnu klimu spavanja.<\/p>","protected":false},"excerpt":{"rendered":"<ul>\n<li>Visokokvalitetna te\u0161kogoriva navlaka tretirana antialergijskim tretmanom izra\u0111ena od tkanine koja zadovoljava zahtjeve Oeko-Tex standarda<\/li>\n<li>D\u017eepi\u010dasto jezgro madraca zajedno sa visokoelasti\u010dnom pjenom osigurava kvalitetnu potporu tijelu<\/li>\n<li>Najbolji omjer ulo\u017eeno-dobiveno<\/li>\n<li>Madrac je dostupan u dimenzijama po narud\u017ebi<\/li>\n<li>Navedena cijena va\u017ei za dimenzije madraca 190&#215;120<\/li>\n<\/ul>","protected":false},"featured_media":20885,"comment_status":"open","ping_status":"closed","template":"","meta":[],"product_cat":[151],"product_tag":[],"class_list":["post-19109","product","type-product","status-publish","has-post-thumbnail","product_cat-madraci","first","instock","shipping-taxable","purchasable","product-type-simple"],"_links":{"self":[{"href":"https:\/\/mirnanamjestaj.ba\/en\/wp-json\/wp\/v2\/product\/19109","targetHints":{"allow":["GET"]}}],"collection":[{"href":"https:\/\/mirnanamjestaj.ba\/en\/wp-json\/wp\/v2\/product"}],"about":[{"href":"https:\/\/mirnanamjestaj.ba\/en\/wp-json\/wp\/v2\/types\/product"}],"replies":[{"embeddable":true,"href":"https:\/\/mirnanamjestaj.ba\/en\/wp-json\/wp\/v2\/comments?post=19109"}],"version-history":[{"count":7,"href":"https:\/\/mirnanamjestaj.ba\/en\/wp-json\/wp\/v2\/product\/19109\/revisions"}],"predecessor-version":[{"id":21093,"href":"https:\/\/mirnanamjestaj.ba\/en\/wp-json\/wp\/v2\/product\/19109\/revisions\/21093"}],"wp:featuredmedia":[{"embeddable":true,"href":"https:\/\/mirnanamjestaj.ba\/en\/wp-json\/wp\/v2\/media\/20885"}],"wp:attachment":[{"href":"https:\/\/mirnanamjestaj.ba\/en\/wp-json\/wp\/v2\/media?parent=19109"}],"wp:term":[{"taxonomy":"product_cat","embeddable":true,"href":"https:\/\/mirnanamjestaj.ba\/en\/wp-json\/wp\/v2\/product_cat?post=19109"},{"taxonomy":"product_tag","embeddable":true,"href":"https:\/\/mirnanamjestaj.ba\/en\/wp-json\/wp\/v2\/product_tag?post=19109"}],"curies":[{"name":"wp","href":"https:\/\/api.w.org\/{rel}","templated":true}]}}

<p style="font-weight: 400">Džepičasto jezgro za idealan položaj</p>
<p style="font-weight: 400">Madrac Erato je osnova ponude madraca Moj San sa opružnim džepićastim jezgrom. Radi se o kompaktnom madracu sa kvalitetnom antialergijskom i antibakterijskom navlakom zatvorenom sa svih strana. Jezgro madraca je obloženo visokoelastičnom pjenom normalne tvrdoće, koja osigurava tijelu spavača zadovoljavajući nivo udobnosti i kvalitetniju potporu tijelu. Ukupne je visine 23 cm.<br />
Madrac Erato je izuzetno praktično riješenje za Vašu spavaću sobu, cjenovno je prilagođen svakom kupcu i daje odličan omjer uloženo dobiveno. Jedan je od dva najprodavanija modela u liniji madraca Moj San, dijelom zbog klasične strukture koju čini provjerena kombinacija opružnog džepićastog jezgra i pjene normalne tvrdoće, a dijelom zbog stabilne potpore koju daje tijelu spavača, obezbjeđujući time idealnu klimu spavanja.</p>

<ul>
<li>Visokokvalitetna teškogoriva navlaka tretirana antialergijskim tretmanom izrađena od tkanine koja zadovoljava zahtjeve Oeko-Tex standarda</li>
<li>Džepičasto jezgro madraca zajedno sa visokoelastičnom pjenom osigurava kvalitetnu potporu tijelu</li>
<li>Najbolji omjer uloženo-dobiveno</li>
<li>Madrac je dostupan u dimenzijama po narudžbi</li>
<li>Navedena cijena važi za dimenzije madraca 190&#215;120</li>
</ul>
